{"id":2161,"date":"2024-01-03T12:33:41","date_gmt":"2024-01-03T12:33:41","guid":{"rendered":"https:\/\/zulodesign.com\/portfolio-item\/eklektyczne-wnetrze-mieszkanie\/"},"modified":"2024-08-16T19:42:35","modified_gmt":"2024-08-16T19:42:35","slug":"obyvaci-pokoj-s-kuchynskym-koutem-a-koupelnou","status":"publish","type":"portfolio-item","link":"https:\/\/zulodesign.com\/cs\/portfolio-item\/obyvaci-pokoj-s-kuchynskym-koutem-a-koupelnou\/","title":{"rendered":"Ob\u00fdvac\u00ed pokoj s kuchy\u0148sk\u00fdm koutem a koupelnou"},"content":{"rendered":"","protected":false},"featured_media":801,"template":"","kategoria":[58],"class_list":["post-2161","portfolio-item","type-portfolio-item","status-publish","has-post-thumbnail","hentry","kategoria-mieszkanie-cs"],"acf":[],"yoast_head":"<!-- This site is optimized with the Yoast SEO plugin v27.3 - https:\/\/yoast.com\/product\/yoast-seo-wordpress\/ -->\n<title>Ob\u00fdvac\u00ed pokoj s kuchy\u0148sk\u00fdm koutem a koupelnou - Zulo Design<\/title>\n<meta name=\"description\" content=\"Objevte elegantn\u00ed a funk\u010dn\u00ed interi\u00e9r bytu navr\u017een\u00e9ho v eklektick\u00e9m stylu. \u00datuln\u00fd ob\u00fdvac\u00ed pokoj s kuchy\u0148sk\u00fdm koutem a stylov\u00e1 koupelna tvo\u0159\u00ed harmonick\u00fd prostor pro 3 osoby. Seznamte se s modern\u00edmi \u0159e\u0161en\u00edmi v oblasti designu interi\u00e9r\u016f.\" \/>\n<meta name=\"robots\" content=\"index, follow, max-snippet:-1, max-image-preview:large, max-video-preview:-1\" \/>\n<link rel=\"canonical\" href=\"https:\/\/zulodesign.com\/cs\/portfolio-item\/obyvaci-pokoj-s-kuchynskym-koutem-a-koupelnou\/\" \/>\n<meta property=\"og:locale\" content=\"cs_CZ\" \/>\n<meta property=\"og:type\" content=\"article\" \/>\n<meta property=\"og:title\" content=\"Ob\u00fdvac\u00ed pokoj s kuchy\u0148sk\u00fdm koutem a koupelnou - Zulo Design\" \/>\n<meta property=\"og:description\" content=\"Objevte elegantn\u00ed a funk\u010dn\u00ed interi\u00e9r bytu navr\u017een\u00e9ho v eklektick\u00e9m stylu. \u00datuln\u00fd ob\u00fdvac\u00ed pokoj s kuchy\u0148sk\u00fdm koutem a stylov\u00e1 koupelna tvo\u0159\u00ed harmonick\u00fd prostor pro 3 osoby. Seznamte se s modern\u00edmi \u0159e\u0161en\u00edmi v oblasti designu interi\u00e9r\u016f.\" \/>\n<meta property=\"og:url\" content=\"https:\/\/zulodesign.com\/cs\/portfolio-item\/obyvaci-pokoj-s-kuchynskym-koutem-a-koupelnou\/\" \/>\n<meta property=\"og:site_name\" content=\"Zulo Design\" \/>\n<meta property=\"article:publisher\" content=\"https:\/\/www.facebook.com\/ZuloDesignPL\" \/>\n<meta property=\"article:modified_time\" content=\"2024-08-16T19:42:35+00:00\" \/>\n<meta property=\"og:image\" content=\"https:\/\/zulodesign.com\/wp-content\/uploads\/2024\/01\/Sal_02.png\" \/>\n\t<meta property=\"og:image:width\" content=\"1200\" \/>\n\t<meta property=\"og:image:height\" content=\"1040\" \/>\n\t<meta property=\"og:image:type\" content=\"image\/png\" \/>\n<meta name=\"twitter:card\" content=\"summary_large_image\" \/>\n<meta name=\"twitter:label1\" content=\"Odhadovan\u00e1 doba \u010dten\u00ed\" \/>\n\t<meta name=\"twitter:data1\" content=\"1 minuta\" \/>\n<script type=\"application\/ld+json\" class=\"yoast-schema-graph\">{\"@context\":\"https:\\\/\\\/schema.org\",\"@graph\":[{\"@type\":\"WebPage\",\"@id\":\"https:\\\/\\\/zulodesign.com\\\/cs\\\/portfolio-item\\\/obyvaci-pokoj-s-kuchynskym-koutem-a-koupelnou\\\/\",\"url\":\"https:\\\/\\\/zulodesign.com\\\/cs\\\/portfolio-item\\\/obyvaci-pokoj-s-kuchynskym-koutem-a-koupelnou\\\/\",\"name\":\"Ob\u00fdvac\u00ed pokoj s kuchy\u0148sk\u00fdm koutem a koupelnou - Zulo Design\",\"isPartOf\":{\"@id\":\"https:\\\/\\\/zulodesign.com\\\/#website\"},\"primaryImageOfPage\":{\"@id\":\"https:\\\/\\\/zulodesign.com\\\/cs\\\/portfolio-item\\\/obyvaci-pokoj-s-kuchynskym-koutem-a-koupelnou\\\/#primaryimage\"},\"image\":{\"@id\":\"https:\\\/\\\/zulodesign.com\\\/cs\\\/portfolio-item\\\/obyvaci-pokoj-s-kuchynskym-koutem-a-koupelnou\\\/#primaryimage\"},\"thumbnailUrl\":\"https:\\\/\\\/zulodesign.com\\\/wp-content\\\/uploads\\\/2024\\\/01\\\/Sal_02.png\",\"datePublished\":\"2024-01-03T12:33:41+00:00\",\"dateModified\":\"2024-08-16T19:42:35+00:00\",\"description\":\"Objevte elegantn\u00ed a funk\u010dn\u00ed interi\u00e9r bytu navr\u017een\u00e9ho v eklektick\u00e9m stylu. \u00datuln\u00fd ob\u00fdvac\u00ed pokoj s kuchy\u0148sk\u00fdm koutem a stylov\u00e1 koupelna tvo\u0159\u00ed harmonick\u00fd prostor pro 3 osoby. Seznamte se s modern\u00edmi \u0159e\u0161en\u00edmi v oblasti designu interi\u00e9r\u016f.\",\"breadcrumb\":{\"@id\":\"https:\\\/\\\/zulodesign.com\\\/cs\\\/portfolio-item\\\/obyvaci-pokoj-s-kuchynskym-koutem-a-koupelnou\\\/#breadcrumb\"},\"inLanguage\":\"cs\",\"potentialAction\":[{\"@type\":\"ReadAction\",\"target\":[\"https:\\\/\\\/zulodesign.com\\\/cs\\\/portfolio-item\\\/obyvaci-pokoj-s-kuchynskym-koutem-a-koupelnou\\\/\"]}]},{\"@type\":\"ImageObject\",\"inLanguage\":\"cs\",\"@id\":\"https:\\\/\\\/zulodesign.com\\\/cs\\\/portfolio-item\\\/obyvaci-pokoj-s-kuchynskym-koutem-a-koupelnou\\\/#primaryimage\",\"url\":\"https:\\\/\\\/zulodesign.com\\\/wp-content\\\/uploads\\\/2024\\\/01\\\/Sal_02.png\",\"contentUrl\":\"https:\\\/\\\/zulodesign.com\\\/wp-content\\\/uploads\\\/2024\\\/01\\\/Sal_02.png\",\"width\":1200,\"height\":1040},{\"@type\":\"BreadcrumbList\",\"@id\":\"https:\\\/\\\/zulodesign.com\\\/cs\\\/portfolio-item\\\/obyvaci-pokoj-s-kuchynskym-koutem-a-koupelnou\\\/#breadcrumb\",\"itemListElement\":[{\"@type\":\"ListItem\",\"position\":1,\"name\":\"Home\",\"item\":\"https:\\\/\\\/zulodesign.com\\\/cs\\\/\"},{\"@type\":\"ListItem\",\"position\":2,\"name\":\"Ob\u00fdvac\u00ed pokoj s kuchy\u0148sk\u00fdm koutem a koupelnou\"}]},{\"@type\":\"WebSite\",\"@id\":\"https:\\\/\\\/zulodesign.com\\\/#website\",\"url\":\"https:\\\/\\\/zulodesign.com\\\/\",\"name\":\"Zulo Design\",\"description\":\"Interior &amp; Furniture Design\",\"publisher\":{\"@id\":\"https:\\\/\\\/zulodesign.com\\\/#organization\"},\"potentialAction\":[{\"@type\":\"SearchAction\",\"target\":{\"@type\":\"EntryPoint\",\"urlTemplate\":\"https:\\\/\\\/zulodesign.com\\\/?s={search_term_string}\"},\"query-input\":{\"@type\":\"PropertyValueSpecification\",\"valueRequired\":true,\"valueName\":\"search_term_string\"}}],\"inLanguage\":\"cs\"},{\"@type\":\"Organization\",\"@id\":\"https:\\\/\\\/zulodesign.com\\\/#organization\",\"name\":\"Zulo Design\",\"url\":\"https:\\\/\\\/zulodesign.com\\\/\",\"logo\":{\"@type\":\"ImageObject\",\"inLanguage\":\"cs\",\"@id\":\"https:\\\/\\\/zulodesign.com\\\/#\\\/schema\\\/logo\\\/image\\\/\",\"url\":\"https:\\\/\\\/zulodesign.com\\\/wp-content\\\/uploads\\\/2024\\\/01\\\/logo-5_1.svg\",\"contentUrl\":\"https:\\\/\\\/zulodesign.com\\\/wp-content\\\/uploads\\\/2024\\\/01\\\/logo-5_1.svg\",\"width\":170,\"height\":56,\"caption\":\"Zulo Design\"},\"image\":{\"@id\":\"https:\\\/\\\/zulodesign.com\\\/#\\\/schema\\\/logo\\\/image\\\/\"},\"sameAs\":[\"https:\\\/\\\/www.facebook.com\\\/ZuloDesignPL\"]}]}<\/script>\n<!-- \/ Yoast SEO plugin. -->","yoast_head_json":{"title":"Ob\u00fdvac\u00ed pokoj s kuchy\u0148sk\u00fdm koutem a koupelnou - Zulo Design","description":"Objevte elegantn\u00ed a funk\u010dn\u00ed interi\u00e9r bytu navr\u017een\u00e9ho v eklektick\u00e9m stylu. \u00datuln\u00fd ob\u00fdvac\u00ed pokoj s kuchy\u0148sk\u00fdm koutem a stylov\u00e1 koupelna tvo\u0159\u00ed harmonick\u00fd prostor pro 3 osoby. Seznamte se s modern\u00edmi \u0159e\u0161en\u00edmi v oblasti designu interi\u00e9r\u016f.","robots":{"index":"index","follow":"follow","max-snippet":"max-snippet:-1","max-image-preview":"max-image-preview:large","max-video-preview":"max-video-preview:-1"},"canonical":"https:\/\/zulodesign.com\/cs\/portfolio-item\/obyvaci-pokoj-s-kuchynskym-koutem-a-koupelnou\/","og_locale":"cs_CZ","og_type":"article","og_title":"Ob\u00fdvac\u00ed pokoj s kuchy\u0148sk\u00fdm koutem a koupelnou - Zulo Design","og_description":"Objevte elegantn\u00ed a funk\u010dn\u00ed interi\u00e9r bytu navr\u017een\u00e9ho v eklektick\u00e9m stylu. \u00datuln\u00fd ob\u00fdvac\u00ed pokoj s kuchy\u0148sk\u00fdm koutem a stylov\u00e1 koupelna tvo\u0159\u00ed harmonick\u00fd prostor pro 3 osoby. Seznamte se s modern\u00edmi \u0159e\u0161en\u00edmi v oblasti designu interi\u00e9r\u016f.","og_url":"https:\/\/zulodesign.com\/cs\/portfolio-item\/obyvaci-pokoj-s-kuchynskym-koutem-a-koupelnou\/","og_site_name":"Zulo Design","article_publisher":"https:\/\/www.facebook.com\/ZuloDesignPL","article_modified_time":"2024-08-16T19:42:35+00:00","og_image":[{"width":1200,"height":1040,"url":"https:\/\/zulodesign.com\/wp-content\/uploads\/2024\/01\/Sal_02.png","type":"image\/png"}],"twitter_card":"summary_large_image","twitter_misc":{"Odhadovan\u00e1 doba \u010dten\u00ed":"1 minuta"},"schema":{"@context":"https:\/\/schema.org","@graph":[{"@type":"WebPage","@id":"https:\/\/zulodesign.com\/cs\/portfolio-item\/obyvaci-pokoj-s-kuchynskym-koutem-a-koupelnou\/","url":"https:\/\/zulodesign.com\/cs\/portfolio-item\/obyvaci-pokoj-s-kuchynskym-koutem-a-koupelnou\/","name":"Ob\u00fdvac\u00ed pokoj s kuchy\u0148sk\u00fdm koutem a koupelnou - Zulo Design","isPartOf":{"@id":"https:\/\/zulodesign.com\/#website"},"primaryImageOfPage":{"@id":"https:\/\/zulodesign.com\/cs\/portfolio-item\/obyvaci-pokoj-s-kuchynskym-koutem-a-koupelnou\/#primaryimage"},"image":{"@id":"https:\/\/zulodesign.com\/cs\/portfolio-item\/obyvaci-pokoj-s-kuchynskym-koutem-a-koupelnou\/#primaryimage"},"thumbnailUrl":"https:\/\/zulodesign.com\/wp-content\/uploads\/2024\/01\/Sal_02.png","datePublished":"2024-01-03T12:33:41+00:00","dateModified":"2024-08-16T19:42:35+00:00","description":"Objevte elegantn\u00ed a funk\u010dn\u00ed interi\u00e9r bytu navr\u017een\u00e9ho v eklektick\u00e9m stylu. \u00datuln\u00fd ob\u00fdvac\u00ed pokoj s kuchy\u0148sk\u00fdm koutem a stylov\u00e1 koupelna tvo\u0159\u00ed harmonick\u00fd prostor pro 3 osoby. Seznamte se s modern\u00edmi \u0159e\u0161en\u00edmi v oblasti designu interi\u00e9r\u016f.","breadcrumb":{"@id":"https:\/\/zulodesign.com\/cs\/portfolio-item\/obyvaci-pokoj-s-kuchynskym-koutem-a-koupelnou\/#breadcrumb"},"inLanguage":"cs","potentialAction":[{"@type":"ReadAction","target":["https:\/\/zulodesign.com\/cs\/portfolio-item\/obyvaci-pokoj-s-kuchynskym-koutem-a-koupelnou\/"]}]},{"@type":"ImageObject","inLanguage":"cs","@id":"https:\/\/zulodesign.com\/cs\/portfolio-item\/obyvaci-pokoj-s-kuchynskym-koutem-a-koupelnou\/#primaryimage","url":"https:\/\/zulodesign.com\/wp-content\/uploads\/2024\/01\/Sal_02.png","contentUrl":"https:\/\/zulodesign.com\/wp-content\/uploads\/2024\/01\/Sal_02.png","width":1200,"height":1040},{"@type":"BreadcrumbList","@id":"https:\/\/zulodesign.com\/cs\/portfolio-item\/obyvaci-pokoj-s-kuchynskym-koutem-a-koupelnou\/#breadcrumb","itemListElement":[{"@type":"ListItem","position":1,"name":"Home","item":"https:\/\/zulodesign.com\/cs\/"},{"@type":"ListItem","position":2,"name":"Ob\u00fdvac\u00ed pokoj s kuchy\u0148sk\u00fdm koutem a koupelnou"}]},{"@type":"WebSite","@id":"https:\/\/zulodesign.com\/#website","url":"https:\/\/zulodesign.com\/","name":"Zulo Design","description":"Interior &amp; Furniture Design","publisher":{"@id":"https:\/\/zulodesign.com\/#organization"},"potentialAction":[{"@type":"SearchAction","target":{"@type":"EntryPoint","urlTemplate":"https:\/\/zulodesign.com\/?s={search_term_string}"},"query-input":{"@type":"PropertyValueSpecification","valueRequired":true,"valueName":"search_term_string"}}],"inLanguage":"cs"},{"@type":"Organization","@id":"https:\/\/zulodesign.com\/#organization","name":"Zulo Design","url":"https:\/\/zulodesign.com\/","logo":{"@type":"ImageObject","inLanguage":"cs","@id":"https:\/\/zulodesign.com\/#\/schema\/logo\/image\/","url":"https:\/\/zulodesign.com\/wp-content\/uploads\/2024\/01\/logo-5_1.svg","contentUrl":"https:\/\/zulodesign.com\/wp-content\/uploads\/2024\/01\/logo-5_1.svg","width":170,"height":56,"caption":"Zulo Design"},"image":{"@id":"https:\/\/zulodesign.com\/#\/schema\/logo\/image\/"},"sameAs":["https:\/\/www.facebook.com\/ZuloDesignPL"]}]}},"_links":{"self":[{"href":"https:\/\/zulodesign.com\/cs\/wp-json\/wp\/v2\/portfolio-item\/2161","targetHints":{"allow":["GET"]}}],"collection":[{"href":"https:\/\/zulodesign.com\/cs\/wp-json\/wp\/v2\/portfolio-item"}],"about":[{"href":"https:\/\/zulodesign.com\/cs\/wp-json\/wp\/v2\/types\/portfolio-item"}],"wp:featuredmedia":[{"embeddable":true,"href":"https:\/\/zulodesign.com\/cs\/wp-json\/wp\/v2\/media\/801"}],"wp:attachment":[{"href":"https:\/\/zulodesign.com\/cs\/wp-json\/wp\/v2\/media?parent=2161"}],"wp:term":[{"taxonomy":"kategoria","embeddable":true,"href":"https:\/\/zulodesign.com\/cs\/wp-json\/wp\/v2\/kategoria?post=2161"}],"curies":[{"name":"wp","href":"https:\/\/api.w.org\/{rel}","templated":true}]}}

Obývací pokoj s kuchyňským koutem a koupelnou

<!-- This site is optimized with the Yoast SEO plugin v27.3 - https://yoast.com/product/yoast-seo-wordpress/ -->
<title>Obývací pokoj s kuchyňským koutem a koupelnou - Zulo Design</title>
<meta name="description" content="Objevte elegantní a funkční interiér bytu navrženého v eklektickém stylu. Útulný obývací pokoj s kuchyňským koutem a stylová koupelna tvoří harmonický prostor pro 3 osoby. Seznamte se s moderními řešeními v oblasti designu interiérů." />
<meta name="robots" content="index, follow, max-snippet:-1, max-image-preview:large, max-video-preview:-1" />
<link rel="canonical" href="https://zulodesign.com/cs/portfolio-item/obyvaci-pokoj-s-kuchynskym-koutem-a-koupelnou/" />
<meta property="og:locale" content="cs_CZ" />
<meta property="og:type" content="article" />
<meta property="og:title" content="Obývací pokoj s kuchyňským koutem a koupelnou - Zulo Design" />
<meta property="og:description" content="Objevte elegantní a funkční interiér bytu navrženého v eklektickém stylu. Útulný obývací pokoj s kuchyňským koutem a stylová koupelna tvoří harmonický prostor pro 3 osoby. Seznamte se s moderními řešeními v oblasti designu interiérů." />
<meta property="og:url" content="https://zulodesign.com/cs/portfolio-item/obyvaci-pokoj-s-kuchynskym-koutem-a-koupelnou/" />
<meta property="og:site_name" content="Zulo Design" />
<meta property="article:publisher" content="https://www.facebook.com/ZuloDesignPL" />
<meta property="article:modified_time" content="2024-08-16T19:42:35+00:00" />
<meta property="og:image" content="https://zulodesign.com/wp-content/uploads/2024/01/Sal_02.png" />
	<meta property="og:image:width" content="1200" />
	<meta property="og:image:height" content="1040" />
	<meta property="og:image:type" content="image/png" />
<meta name="twitter:card" content="summary_large_image" />
<meta name="twitter:label1" content="Odhadovaná doba čtení" />
	<meta name="twitter:data1" content="1 minuta" />
<script type="application/ld+json" class="yoast-schema-graph">{"@context":"https:\/\/schema.org","@graph":[{"@type":"WebPage","@id":"https:\/\/zulodesign.com\/cs\/portfolio-item\/obyvaci-pokoj-s-kuchynskym-koutem-a-koupelnou\/","url":"https:\/\/zulodesign.com\/cs\/portfolio-item\/obyvaci-pokoj-s-kuchynskym-koutem-a-koupelnou\/","name":"Obývací pokoj s kuchyňským koutem a koupelnou - Zulo Design","isPartOf":{"@id":"https:\/\/zulodesign.com\/#website"},"primaryImageOfPage":{"@id":"https:\/\/zulodesign.com\/cs\/portfolio-item\/obyvaci-pokoj-s-kuchynskym-koutem-a-koupelnou\/#primaryimage"},"image":{"@id":"https:\/\/zulodesign.com\/cs\/portfolio-item\/obyvaci-pokoj-s-kuchynskym-koutem-a-koupelnou\/#primaryimage"},"thumbnailUrl":"https:\/\/zulodesign.com\/wp-content\/uploads\/2024\/01\/Sal_02.png","datePublished":"2024-01-03T12:33:41+00:00","dateModified":"2024-08-16T19:42:35+00:00","description":"Objevte elegantní a funkční interiér bytu navrženého v eklektickém stylu. Útulný obývací pokoj s kuchyňským koutem a stylová koupelna tvoří harmonický prostor pro 3 osoby. Seznamte se s moderními řešeními v oblasti designu interiérů.","breadcrumb":{"@id":"https:\/\/zulodesign.com\/cs\/portfolio-item\/obyvaci-pokoj-s-kuchynskym-koutem-a-koupelnou\/#breadcrumb"},"inLanguage":"cs","potentialAction":[{"@type":"ReadAction","target":["https:\/\/zulodesign.com\/cs\/portfolio-item\/obyvaci-pokoj-s-kuchynskym-koutem-a-koupelnou\/"]}]},{"@type":"ImageObject","inLanguage":"cs","@id":"https:\/\/zulodesign.com\/cs\/portfolio-item\/obyvaci-pokoj-s-kuchynskym-koutem-a-koupelnou\/#primaryimage","url":"https:\/\/zulodesign.com\/wp-content\/uploads\/2024\/01\/Sal_02.png","contentUrl":"https:\/\/zulodesign.com\/wp-content\/uploads\/2024\/01\/Sal_02.png","width":1200,"height":1040},{"@type":"BreadcrumbList","@id":"https:\/\/zulodesign.com\/cs\/portfolio-item\/obyvaci-pokoj-s-kuchynskym-koutem-a-koupelnou\/#breadcrumb","itemListElement":[{"@type":"ListItem","position":1,"name":"Home","item":"https:\/\/zulodesign.com\/cs\/"},{"@type":"ListItem","position":2,"name":"Obývací pokoj s kuchyňským koutem a koupelnou"}]},{"@type":"WebSite","@id":"https:\/\/zulodesign.com\/#website","url":"https:\/\/zulodesign.com\/","name":"Zulo Design","description":"Interior &amp; Furniture Design","publisher":{"@id":"https:\/\/zulodesign.com\/#organization"},"potentialAction":[{"@type":"SearchAction","target":{"@type":"EntryPoint","urlTemplate":"https:\/\/zulodesign.com\/?s={search_term_string}"},"query-input":{"@type":"PropertyValueSpecification","valueRequired":true,"valueName":"search_term_string"}}],"inLanguage":"cs"},{"@type":"Organization","@id":"https:\/\/zulodesign.com\/#organization","name":"Zulo Design","url":"https:\/\/zulodesign.com\/","logo":{"@type":"ImageObject","inLanguage":"cs","@id":"https:\/\/zulodesign.com\/#\/schema\/logo\/image\/","url":"https:\/\/zulodesign.com\/wp-content\/uploads\/2024\/01\/logo-5_1.svg","contentUrl":"https:\/\/zulodesign.com\/wp-content\/uploads\/2024\/01\/logo-5_1.svg","width":170,"height":56,"caption":"Zulo Design"},"image":{"@id":"https:\/\/zulodesign.com\/#\/schema\/logo\/image\/"},"sameAs":["https:\/\/www.facebook.com\/ZuloDesignPL"]}]}</script>
<!-- / Yoast SEO plugin. -->

Obývací pokoj s kuchyňským koutem a koupelnou - Zulo Design

Objevte elegantní a funkční interiér bytu navrženého v eklektickém stylu. Útulný obývací pokoj s kuchyňským koutem a stylová koupelna tvoří harmonický prostor pro 3 osoby. Seznamte se s moderními řešeními v oblasti designu interiérů.
